[INFO] fetching crate lincoln_wasm 0.1.1...
[INFO] checking lincoln_wasm-0.1.1 against master#cfbc6d4cf1acbac5c025acf8ed68929caa551df3 for pr-75494-beta
[INFO] extracting crate lincoln_wasm 0.1.1 into /workspace/builds/worker-2/source
[INFO] validating manifest of crates.io crate lincoln_wasm 0.1.1 on toolchain cfbc6d4cf1acbac5c025acf8ed68929caa551df3
[INFO] running `Command { std: "/workspace/cargo-home/bin/cargo" "+cfbc6d4cf1acbac5c025acf8ed68929caa551df3" "read-manifest" "--manifest-path" "Cargo.toml", kill_on_drop: false }`
[INFO] started tweaking crates.io crate lincoln_wasm 0.1.1
[INFO] finished tweaking crates.io crate lincoln_wasm 0.1.1
[INFO] tweaked toml for crates.io crate lincoln_wasm 0.1.1 written to /workspace/builds/worker-2/source/Cargo.toml
[INFO] running `Command { std: "/workspace/cargo-home/bin/cargo" "+cfbc6d4cf1acbac5c025acf8ed68929caa551df3" "generate-lockfile" "--manifest-path" "Cargo.toml" "-Zno-index-update", kill_on_drop: false }`
[INFO] running `Command { std: "/workspace/cargo-home/bin/cargo" "+cfbc6d4cf1acbac5c025acf8ed68929caa551df3" "fetch" "--locked" "--manifest-path" "Cargo.toml", kill_on_drop: false }`
[INFO] [stderr]     Blocking waiting for file lock on package cache
[INFO] [stderr]  Downloading crates ...
[INFO] [stderr]   Downloaded console_log v0.1.2
[INFO] [stderr]   Downloaded lincoln_compiled v0.1.0
[INFO] [stderr]   Downloaded lincoln_common v0.1.0
[INFO] [stderr]   Downloaded lincoln_ir v0.1.0
[INFO] running `Command { std: "docker" "create" "-v" "/var/lib/crater-agent-workspace/builds/worker-2/target:/opt/rustwide/target:rw,Z" "-v" "/var/lib/crater-agent-workspace/builds/worker-2/source:/opt/rustwide/workdir:ro,Z" "-v" "/var/lib/crater-agent-workspace/cargo-home:/opt/rustwide/cargo-home:ro,Z" "-v" "/var/lib/crater-agent-workspace/rustup-home:/opt/rustwide/rustup-home:ro,Z" "-e" "SOURCE_DIR=/opt/rustwide/workdir" "-e" "CARGO_TARGET_DIR=/opt/rustwide/target" "-e" "CARGO_HOME=/opt/rustwide/cargo-home" "-e" "RUSTUP_HOME=/opt/rustwide/rustup-home" "-w" "/opt/rustwide/workdir" "-m" "1610612736" "--user" "0:0" "--network" "none" "rustops/crates-build-env@sha256:a636fd89d022f18117e1dc8fb37a0a009933cdbbe082814857f0e2024962d47c" "/opt/rustwide/cargo-home/bin/cargo" "+cfbc6d4cf1acbac5c025acf8ed68929caa551df3" "metadata" "--no-deps" "--format-version=1", kill_on_drop: false }`
[INFO] [stderr] WARNING: Your kernel does not support swap limit capabilities or the cgroup is not mounted. Memory limited without swap.
[INFO] [stdout] 4c74b038ee245a7880482bb69bac3bafdf4883f90e7f8b0c69a17a4991be9031
[INFO] running `Command { std: "docker" "start" "-a" "4c74b038ee245a7880482bb69bac3bafdf4883f90e7f8b0c69a17a4991be9031", kill_on_drop: false }`
[INFO] running `Command { std: "docker" "inspect" "4c74b038ee245a7880482bb69bac3bafdf4883f90e7f8b0c69a17a4991be9031", kill_on_drop: false }`
[INFO] running `Command { std: "docker" "rm" "-f" "4c74b038ee245a7880482bb69bac3bafdf4883f90e7f8b0c69a17a4991be9031", kill_on_drop: false }`
[INFO] [stdout] 4c74b038ee245a7880482bb69bac3bafdf4883f90e7f8b0c69a17a4991be9031
[INFO] running `Command { std: "docker" "create" "-v" "/var/lib/crater-agent-workspace/builds/worker-2/target:/opt/rustwide/target:rw,Z" "-v" "/var/lib/crater-agent-workspace/builds/worker-2/source:/opt/rustwide/workdir:ro,Z" "-v" "/var/lib/crater-agent-workspace/cargo-home:/opt/rustwide/cargo-home:ro,Z" "-v" "/var/lib/crater-agent-workspace/rustup-home:/opt/rustwide/rustup-home:ro,Z" "-e" "SOURCE_DIR=/opt/rustwide/workdir" "-e" "CARGO_TARGET_DIR=/opt/rustwide/target" "-e" "CARGO_INCREMENTAL=0" "-e" "RUST_BACKTRACE=full" "-e" "RUSTFLAGS=--cap-lints=forbid" "-e" "CARGO_HOME=/opt/rustwide/cargo-home" "-e" "RUSTUP_HOME=/opt/rustwide/rustup-home" "-w" "/opt/rustwide/workdir" "-m" "1610612736" "--user" "0:0" "--network" "none" "rustops/crates-build-env@sha256:a636fd89d022f18117e1dc8fb37a0a009933cdbbe082814857f0e2024962d47c" "/opt/rustwide/cargo-home/bin/cargo" "+cfbc6d4cf1acbac5c025acf8ed68929caa551df3" "check" "--frozen" "--all" "--all-targets" "--message-format=json", kill_on_drop: false }`
[INFO] [stdout] 4478cda6180d4175ef07c89850038a68cfe0f3348edc72ee56fc5e3fd27b22a6
[INFO] [stderr] WARNING: Your kernel does not support swap limit capabilities or the cgroup is not mounted. Memory limited without swap.
[INFO] running `Command { std: "docker" "start" "-a" "4478cda6180d4175ef07c89850038a68cfe0f3348edc72ee56fc5e3fd27b22a6", kill_on_drop: false }`
[INFO] [stderr]    Compiling syn v1.0.39
[INFO] [stderr]    Compiling log v0.4.11
[INFO] [stderr]    Compiling ryu v1.0.5
[INFO] [stderr]    Compiling libc v0.2.76
[INFO] [stderr]    Compiling serde_json v1.0.57
[INFO] [stderr]    Compiling wasm-bindgen v0.2.67
[INFO] [stderr]     Checking lincoln_common v0.1.0
[INFO] [stderr]     Checking thread_local v1.0.1
[INFO] [stderr]     Checking smallvec v0.6.13
[INFO] [stderr]     Checking regex v1.3.9
[INFO] [stderr]     Checking backtrace v0.3.50
[INFO] [stderr]    Compiling wasm-bindgen-backend v0.2.67
[INFO] [stderr]    Compiling synstructure v0.12.4
[INFO] [stderr]    Compiling wasm-bindgen-macro-support v0.2.67
[INFO] [stderr]    Compiling failure_derive v0.1.8
[INFO] [stderr]    Compiling serde_derive v1.0.115
[INFO] [stderr]    Compiling wasm-bindgen-macro v0.2.67
[INFO] [stderr]     Checking failure v0.1.8
[INFO] [stderr]     Checking js-sys v0.3.44
[INFO] [stderr]     Checking lincoln_compiled v0.1.0
[INFO] [stderr]     Checking web-sys v0.3.44
[INFO] [stderr]     Checking lincoln_ir v0.1.0
[INFO] [stderr]     Checking console_log v0.1.2
[INFO] [stderr]     Checking lincoln_wasm v0.1.1 (/opt/rustwide/workdir)
[INFO] [stdout] error[E0573]: expected type, found module `Reflect`
[INFO] [stdout]   --> src/lincoln_int.rs:11:12
[INFO] [stdout]    |
[INFO] [stdout] 11 |     let r: Reflect = v.clone().into();
[INFO] [stdout]    |            ^^^^^^^ not a type
[INFO] [stdout] 
[INFO] [stdout] 
[INFO] [stdout] error[E0573]: expected type, found module `Reflect`
[INFO] [stdout]   --> src/lincoln_jsvalue.rs:39:15
[INFO] [stdout]    |
[INFO] [stdout] 39 |         let r:Reflect = self.0.clone().into();
[INFO] [stdout]    |               ^^^^^^^ not a type
[INFO] [stdout] 
[INFO] [stdout] 
[INFO] [stdout] warning: trait objects without an explicit `dyn` are deprecated
[INFO] [stdout]   --> src/lincoln_jsvalue.rs:56:34
[INFO] [stdout]    |
[INFO] [stdout] 56 | pub fn unwrap_jsvalue(value: Box<Value>) -> Result<JsValue, EvalError> {
[INFO] [stdout]    |                                  ^^^^^ help: use `dyn`: `dyn Value`
[INFO] [stdout]    |
[INFO] [stdout]    = note: `#[warn(bare_trait_objects)]` on by default
[INFO] [stdout] 
[INFO] [stdout] 
[INFO] [stdout] error[E0573]: expected type, found module `Reflect`
[INFO] [stdout]   --> src/lincoln_int.rs:11:12
[INFO] [stdout]    |
[INFO] [stdout] 11 |     let r: Reflect = v.clone().into();
[INFO] [stdout]    |            ^^^^^^^ not a type
[INFO] [stdout] 
[INFO] [stdout] 
[INFO] [stdout] error[E0573]: expected type, found module `Reflect`
[INFO] [stdout]   --> src/lincoln_jsvalue.rs:39:15
[INFO] [stdout]    |
[INFO] [stdout] 39 |         let r:Reflect = self.0.clone().into();
[INFO] [stdout]    |               ^^^^^^^ not a type
[INFO] [stdout] 
[INFO] [stdout] 
[INFO] [stdout] warning: trait objects without an explicit `dyn` are deprecated
[INFO] [stdout]   --> src/lincoln_jsvalue.rs:56:34
[INFO] [stdout]    |
[INFO] [stdout] 56 | pub fn unwrap_jsvalue(value: Box<Value>) -> Result<JsValue, EvalError> {
[INFO] [stdout]    |                                  ^^^^^ help: use `dyn`: `dyn Value`
[INFO] [stdout]    |
[INFO] [stdout]    = note: `#[warn(bare_trait_objects)]` on by default
[INFO] [stdout] 
[INFO] [stdout] 
[INFO] [stdout] error: aborting due to 2 previous errors; 1 warning emitted
[INFO] [stdout] 
[INFO] [stdout] 
[INFO] [stdout] For more information about this error, try `rustc --explain E0573`.
[INFO] [stdout] 
[INFO] [stderr] error: could not compile `lincoln_wasm`.
[INFO] [stderr] 
[INFO] [stderr] To learn more, run the command again with --verbose.
[INFO] [stderr] warning: build failed, waiting for other jobs to finish...
[INFO] [stdout] error: aborting due to 2 previous errors; 1 warning emitted
[INFO] [stdout] 
[INFO] [stdout] 
[INFO] [stdout] For more information about this error, try `rustc --explain E0573`.
[INFO] [stdout] 
[INFO] [stderr] error: build failed
[INFO] running `Command { std: "docker" "inspect" "4478cda6180d4175ef07c89850038a68cfe0f3348edc72ee56fc5e3fd27b22a6", kill_on_drop: false }`
[INFO] running `Command { std: "docker" "rm" "-f" "4478cda6180d4175ef07c89850038a68cfe0f3348edc72ee56fc5e3fd27b22a6", kill_on_drop: false }`
[INFO] [stdout] 4478cda6180d4175ef07c89850038a68cfe0f3348edc72ee56fc5e3fd27b22a6
